{"id":72,"date":"2019-08-11T17:10:47","date_gmt":"2019-08-11T17:10:47","guid":{"rendered":"http:\/\/www.lutuset.fi\/?page_id=72"},"modified":"2019-08-16T14:14:43","modified_gmt":"2019-08-16T14:14:43","slug":"mita-partio-on","status":"publish","type":"page","link":"http:\/\/www.lutuset.fi\/index.php\/mita-partio-on\/","title":{"rendered":"Mit\u00e4 partio on?"},"content":{"rendered":"\n<div class=\"wp-block-image\"><figure class=\"aligncenter\"><img loading=\"lazy\" width=\"5472\" height=\"3648\" src=\"http:\/\/www.lutuset.fi\/wp-content\/uploads\/2019\/08\/roverway16-743.jpg\" alt=\"\" class=\"wp-image-98\" srcset=\"http:\/\/www.lutuset.fi\/wp-content\/uploads\/2019\/08\/roverway16-743.jpg 5472w, http:\/\/www.lutuset.fi\/wp-content\/uploads\/2019\/08\/roverway16-743-300x200.jpg 300w, http:\/\/www.lutuset.fi\/wp-content\/uploads\/2019\/08\/roverway16-743-768x512.jpg 768w, http:\/\/www.lutuset.fi\/wp-content\/uploads\/2019\/08\/roverway16-743-1024x683.jpg 1024w\" sizes=\"(max-width: 5472px) 100vw, 5472px\" \/><\/figure><\/div>\n\n\n\n<p>Partio on maailman suurin nuorisoliike, johon kuuluu  noin 45 miljoonaa partiolaista yli 200 maassa. Suomessa  partiotoiminnassa on vuosittain mukana noin 65 000 partiolaista.  Partiota monipuolisempaa harrastusta saa hakea. Siihe mit\u00e4 kaikke partiossa pystyy tekem\u00e4\u00e4n voit tutustua esimerkiksi  seuraamalla Suomen partiolaisten tuottamaan Youtube-sarjaa koitosta,  jossa joukko tubettajia p\u00e4\u00e4see testaamaan omia rajojaan partiolaisten  johdolla. Tubettajat p\u00e4\u00e4sev\u00e4t kokeilemaan partiota kaupungissa, merell\u00e4  ja mets\u00e4ss\u00e4. Sarjassa p\u00e4\u00e4st\u00e4\u00e4n my\u00f6s tutustumaan Lapin, J\u00e4rvi-Suomen ja  H\u00e4meen partiopiirien piirileireihin. Sarjaa p\u00e4\u00e4set seuraamaan t\u00e4\u00e4lt\u00e4:  <a href=\"http:\/\/partio.fi\/koitos\">partio.fi\/koitos<\/a>. <\/p>\n\n\n\n<h2>Tavoitteellinen kasvatusj\u00e4rjest\u00f6<\/h2>\n\n\n\n<p>Partion tavoitteena on kasvattaa persoonallisuudeltaan ja  el\u00e4m\u00e4ntavoiltaan tasapainoisia, vastuuntuntoisia, aktiivisia sek\u00e4  itsen\u00e4isesti ajattelevia paikallisen, kansallisen ja kansainv\u00e4lisen  yhteis\u00f6n j\u00e4seni\u00e4. Partion tavoitteet ja p\u00e4\u00e4m\u00e4\u00e4r\u00e4t pyrit\u00e4\u00e4n saavuttamaan  monipuolisen tekemisen kautta. Kaiken ytimess\u00e4 on yhdess\u00e4 tekeminen ja  oppiminen.<\/p>\n\n\n\n<h2>Kaikille avointa<\/h2>\n\n\n\n<p>Partio on kaikille avoin harrastus kieleen, uskontoon ja taustaan katsomatta. Useimmissa lippukunnissa partiotoiminta tapahtuu joko  suomeksi tai ruotsiksi, mutta joillain lippukunnilla on my\u00f6s  englanninkielisi\u00e4 ryhmi\u00e4.<\/p>\n\n\n\n<h2>Vapaaehtoistoimintaa aikuisille<\/h2>\n\n\n\n<p>Partio on mukaansa tempaava harrastus my\u00f6s aikuiselle eik\u00e4  harrastuksen aloittamiseen tarvita aikaisempaa partiokokemusta.  Partiossa p\u00e4\u00e4set kehitt\u00e4m\u00e4\u00e4n aivan uusia puolia itsest\u00e4si ja samalla  saat hyv\u00e4\u00e4 vastapainoa ty\u00f6el\u00e4m\u00e4lle. Tutustut uusiin ihmisiin, p\u00e4\u00e4set  kokemaan ja oppimaan uutta ja pit\u00e4m\u00e4\u00e4n hauskaa.<\/p>\n\n\n\n<figure class=\"wp-block-image\"><img loading=\"lazy\" width=\"5472\" height=\"3648\" src=\"http:\/\/www.lutuset.fi\/wp-content\/uploads\/2019\/08\/eb-23.jpg\" alt=\"\" class=\"wp-image-99\" srcset=\"http:\/\/www.lutuset.fi\/wp-content\/uploads\/2019\/08\/eb-23.jpg 5472w, http:\/\/www.lutuset.fi\/wp-content\/uploads\/2019\/08\/eb-23-300x200.jpg 300w, http:\/\/www.lutuset.fi\/wp-content\/uploads\/2019\/08\/eb-23-768x512.jpg 768w, http:\/\/www.lutuset.fi\/wp-content\/uploads\/2019\/08\/eb-23-1024x683.jpg 1024w\" sizes=\"(max-width: 5472px) 100vw, 5472px\" \/><figcaption>Vaelluksen suunnittelua sveitsil\u00e4isten kanssa<\/figcaption><\/figure>\n\n\n\n<h2>Kansainv\u00e4list\u00e4 toimintaa<\/h2>\n\n\n\n<p>Kansainv\u00e4lisyys n\u00e4kyy Suomen partiotoiminnassa eri tavoin.  Suomalaiset partiolaiset voivat osallistua esimerkiksi ulkomailla  j\u00e4rjestett\u00e4ville partioleireille tai muihin partiotapahtumiin.  Vastaavasti ulkomaalaisia vieraita voi kohdata Suomen  partiotapahtumissa. Lis\u00e4ksi partiossa osallistutaan erilaisiin  kehitysyhteisty\u00f6projekteihin ja tutustumaan aktiviteettien kautta muiden  maiden kulttuureihin ja tapoihin.<\/p>\n","protected":false},"excerpt":{"rendered":"<p>Partio on maailman suurin nuorisoliike, johon kuuluu noin 45 miljoonaa partiolaista yli 200 maassa. Suomessa partiotoiminnassa on vuosittain mukana noin 65 000 partiolaista. Partiota monipuolisempaa&#8230;<\/p>\n","protected":false},"author":1,"featured_media":0,"parent":0,"menu_order":0,"comment_status":"closed","ping_status":"closed","template":"","meta":{"_exactmetrics_skip_tracking":false,"_exactmetrics_sitenote_active":false,"_exactmetrics_sitenote_note":"","_exactmetrics_sitenote_category":0},"_links":{"self":[{"href":"http:\/\/www.lutuset.fi\/index.php\/wp-json\/wp\/v2\/pages\/72"}],"collection":[{"href":"http:\/\/www.lutuset.fi\/index.php\/wp-json\/wp\/v2\/pages"}],"about":[{"href":"http:\/\/www.lutuset.fi\/index.php\/wp-json\/wp\/v2\/types\/page"}],"author":[{"embeddable":true,"href":"http:\/\/www.lutuset.fi\/index.php\/wp-json\/wp\/v2\/users\/1"}],"replies":[{"embeddable":true,"href":"http:\/\/www.lutuset.fi\/index.php\/wp-json\/wp\/v2\/comments?post=72"}],"version-history":[{"count":7,"href":"http:\/\/www.lutuset.fi\/index.php\/wp-json\/wp\/v2\/pages\/72\/revisions"}],"predecessor-version":[{"id":104,"href":"http:\/\/www.lutuset.fi\/index.php\/wp-json\/wp\/v2\/pages\/72\/revisions\/104"}],"wp:attachment":[{"href":"http:\/\/www.lutuset.fi\/index.php\/wp-json\/wp\/v2\/media?parent=72"}],"curies":[{"name":"wp","href":"https:\/\/api.w.org\/{rel}","templated":true}]}}